{"id":3366,"date":"2019-05-08T16:29:53","date_gmt":"2019-05-08T14:29:53","guid":{"rendered":"http:\/\/nordiska.fhsk.se\/ordbild\/?page_id=3366"},"modified":"2019-05-08T16:29:53","modified_gmt":"2019-05-08T14:29:53","slug":"mot-oss-pa-textival","status":"publish","type":"page","link":"https:\/\/nordiska.fhsk.se\/ordbild\/mot-oss-pa-textival\/","title":{"rendered":"M\u00f6t oss p\u00e5 Textival!"},"content":{"rendered":"<p>L\u00f6rdagen den 11 maj ska du bes\u00f6ka litterturfestivalen Textivals bokm\u00e4ssa p\u00e5 kulturhuset Oceanen i G\u00f6teborg.<\/p>\n<p>D\u00e4r finns deltagare fr\u00e5n Visuellt ber\u00e4ttande\/Bildskolan med ett helt nytryckt magasin, sig sj\u00e4lva, en del bilder och annat. Du f\u00e5r ocks\u00e5 m\u00f6jlighet att lyssna p\u00e5 l\u00e4sningar av deltagare fr\u00e5n kursen Text &#038; Bild &#8211; distans.<\/p>\n<p>Kom och m\u00f6t deltagare och l\u00e4rare, titta och k\u00e4nn p\u00e5 v\u00e5ra bilder och trycksaker. M\u00f6t, samtala och st\u00e4ll fr\u00e5gor om folkh\u00f6gskolelivet.<\/p>\n<p>Mer info om Textival : https:\/\/www.facebook.com\/events\/345969789347789\/?ti=cl<\/p>\n","protected":false},"excerpt":{"rendered":"<p>L\u00f6rdagen den 11 maj ska du bes\u00f6ka litterturfestivalen Textivals bokm\u00e4ssa p\u00e5 kulturhuset Oceanen i G\u00f6teborg. D\u00e4r finns deltagare fr\u00e5n Visuellt ber\u00e4ttande\/Bildskolan med ett helt nytryckt magasin, sig sj\u00e4lva, en del bilder och annat. Du f\u00e5r ocks\u00e5 m\u00f6jlighet att lyssna p\u00e5 l\u00e4sningar av deltagare fr\u00e5n kursen Text &#038; Bild &#8211; distans. Kom och m\u00f6t deltagare och [&hellip;]<\/p>\n","protected":false},"author":21,"featured_media":0,"parent":0,"menu_order":0,"comment_status":"closed","ping_status":"closed","template":"","meta":{"_exactmetrics_skip_tracking":false,"_exactmetrics_sitenote_active":false,"_exactmetrics_sitenote_note":"","_exactmetrics_sitenote_category":0,"footnotes":""},"class_list":["post-3366","page","type-page","status-publish","hentry"],"acf":[],"_links":{"self":[{"href":"https:\/\/nordiska.fhsk.se\/ordbild\/wp-json\/wp\/v2\/pages\/3366","targetHints":{"allow":["GET"]}}],"collection":[{"href":"https:\/\/nordiska.fhsk.se\/ordbild\/wp-json\/wp\/v2\/pages"}],"about":[{"href":"https:\/\/nordiska.fhsk.se\/ordbild\/wp-json\/wp\/v2\/types\/page"}],"author":[{"embeddable":true,"href":"https:\/\/nordiska.fhsk.se\/ordbild\/wp-json\/wp\/v2\/users\/21"}],"replies":[{"embeddable":true,"href":"https:\/\/nordiska.fhsk.se\/ordbild\/wp-json\/wp\/v2\/comments?post=3366"}],"version-history":[{"count":4,"href":"https:\/\/nordiska.fhsk.se\/ordbild\/wp-json\/wp\/v2\/pages\/3366\/revisions"}],"predecessor-version":[{"id":3371,"href":"https:\/\/nordiska.fhsk.se\/ordbild\/wp-json\/wp\/v2\/pages\/3366\/revisions\/3371"}],"wp:attachment":[{"href":"https:\/\/nordiska.fhsk.se\/ordbild\/wp-json\/wp\/v2\/media?parent=3366"}],"curies":[{"name":"wp","href":"https:\/\/api.w.org\/{rel}","templated":true}]}}

Möt oss på Textival!

<p>Lördagen den 11 maj ska du besöka litterturfestivalen Textivals bokmässa på kulturhuset Oceanen i Göteborg.</p>
<p>Där finns deltagare från Visuellt berättande/Bildskolan med ett helt nytryckt magasin, sig själva, en del bilder och annat. Du får också möjlighet att lyssna på läsningar av deltagare från kursen Text &#038; Bild &#8211; distans.</p>
<p>Kom och möt deltagare och lärare, titta och känn på våra bilder och trycksaker. Möt, samtala och ställ frågor om folkhögskolelivet.</p>
<p>Mer info om Textival : https://www.facebook.com/events/345969789347789/?ti=cl</p>

<p>Lördagen den 11 maj ska du besöka litterturfestivalen Textivals bokmässa på kulturhuset Oceanen i Göteborg. Där finns deltagare från Visuellt berättande/Bildskolan med ett helt nytryckt magasin, sig själva, en del bilder och annat. Du får också möjlighet att lyssna på läsningar av deltagare från kursen Text &#038; Bild &#8211; distans. Kom och möt deltagare och [&hellip;]</p>
