{"id":3467,"date":"2021-01-25T20:51:28","date_gmt":"2021-01-25T19:51:28","guid":{"rendered":"http:\/\/nordiska.fhsk.se\/teater\/?page_id=3467"},"modified":"2025-09-25T18:19:35","modified_gmt":"2025-09-25T16:19:35","slug":"rundvandring","status":"publish","type":"page","link":"https:\/\/nordiska.fhsk.se\/teater\/om-oss\/rundvandring\/","title":{"rendered":"Rundvandring"},"content":{"rendered":"<section class=\"site-section\" >\n\t<div class=\"container\">\n\t\t\n<div class=\"row\">\n\t<div class=\"col-12\">\n\t<div class=\"text-block\">\n\t<p class=\"ingress\">Om du har l\u00e5ng resa till Nordiska folkh\u00f6gskolan vill vi \u00e4nd\u00e5 att du ska komma p\u00e5 bes\u00f6k. F\u00f6lj d\u00e4rf\u00f6r med p\u00e5 filmad rundvandring och v\u00e4lj det spr\u00e5k som passar dig b\u00e4st! Eftersom deltagarna p\u00e5 teaterskolan bor p\u00e5 skolans internat s\u00e5 har vi fantastiska m\u00f6jligheter att arbeta intensivt tillsammans. I filmerna kan du \u00e4ven titta in p\u00e5 skolans internat och i skolans huvudbyggnad. V\u00e4lkommen<\/p><p class=\"ingress\">Har du fr\u00e5gor om utbildningen och livet p\u00e5 skolan s\u00e5 kanske du hittar svaren h\u00e4r p\u00e5 hemsidan, annars \u00e4r det bara att kontakta oss s\u00e5 svarar vi - vi vet allt!<\/p><p class=\"ingress\">F\u00f6r dig som s\u00f6ker fr\u00e5n ett annat land \u00e4n Sverige s\u00e5 hittar du info om studieekonomi <a href=\"https:\/\/nordiska.fhsk.se\/om-skolan\/fran-ett-annat-nordiskt-land\/\" target=\"_blank\" rel=\"noopener\">h\u00e4r<\/a>.<\/p><p>&nbsp;<\/p><\/div>\n\n<\/div>\n<\/div>\n<div class=\"row\">\n\t<div class=\"col-12\">\n\t\n    <div class=\"divider text_line \"><span class=\"divider-title\">TEATERHUSET<\/span><\/div>\n\n<\/div>\n<\/div>\n<div class=\"row\">\n\t<div class=\"col-3\">\n\t<div class=\"text-block\">\n\t<p><strong>Amalie visar teaterhuset p\u00e5 Danska<\/strong><br \/><code><iframe loading=\"lazy\" src=\"https:\/\/player.vimeo.com\/video\/504768379\" width=\"256\" height=\"144\" frameborder=\"0\" allowfullscreen=\"allowfullscreen\"><\/iframe><\/code><\/p><\/div>\n\n<\/div>\n<div class=\"col-3\">\n\t<div class=\"text-block\">\n\t<p><strong>Zahraa visar teaterhuset p\u00e5 Svenska<\/strong><br \/><code><iframe loading=\"lazy\" src=\"https:\/\/player.vimeo.com\/video\/504774622\" width=\"256\" height=\"144\" frameborder=\"0\" allowfullscreen=\"allowfullscreen\"><\/iframe><\/code><\/p><\/div>\n\n<\/div>\n<div class=\"col-3\">\n\t<div class=\"text-block\">\n\t<p><strong>Idunn visar teaterhuset p\u00e5 Norska<\/strong><br \/><code><iframe loading=\"lazy\" src=\"https:\/\/player.vimeo.com\/video\/504778494\" width=\"256\" height=\"144\" frameborder=\"0\" allowfullscreen=\"allowfullscreen\"><\/iframe><\/code><\/p><\/div>\n\n<\/div>\n<div class=\"col-3\">\n\t<div class=\"text-block\">\n\t<p><strong>Tellervo visar teaterhuset p\u00e5 Finska<\/strong><br \/><code><iframe loading=\"lazy\" src=\"https:\/\/player.vimeo.com\/video\/504780356\" width=\"256\" height=\"144\" frameborder=\"0\" allowfullscreen=\"allowfullscreen\"><\/iframe><\/code><\/p><\/div>\n\n<\/div>\n<\/div>\n<div class=\"row\">\n\t<div class=\"col-12\">\n\t\n    <div class=\"divider text_line \"><span class=\"divider-title\">ALLT DET ANDRA<\/span><\/div>\n\n<\/div>\n<\/div>\n<div class=\"row\">\n\t<div class=\"col-3\">\n\t<div class=\"text-block\">\n\t<p><strong>Paulina visar internatet<\/strong><br \/><code><iframe loading=\"lazy\" src=\"https:\/\/player.vimeo.com\/video\/505545137\" width=\"256\" height=\"144\" frameborder=\"0\" allowfullscreen=\"allowfullscreen\"><\/iframe><\/code><\/p><\/div>\n\n<\/div>\n<div class=\"col-3\">\n\t<div class=\"text-block\">\n\t<p><strong>Sara visar huvudbyggnaden<\/strong><br \/><code><iframe loading=\"lazy\" src=\"https:\/\/player.vimeo.com\/video\/505548059\" width=\"256\" height=\"144\" frameborder=\"0\" allowfullscreen=\"allowfullscreen\"><\/iframe><\/code><\/p><\/div>\n\n<\/div>\n<\/div>\n<div class=\"row\">\n\t<div class=\"col-12\">\n\t\n    <div class=\"divider text_line \"><span class=\"divider-title\">JAG VILL VETA MER<\/span><\/div>\n\n<\/div>\n<\/div>\n<div class=\"row\">\n\t<div class=\"col-12\">\n\t<div class=\"form-wrapper fw-contact-form contact-form\">\n\t<form data-fw-form-id=\"fw_form\" method=\"post\" action=\"https:\/\/nordiska.fhsk.se\/teater\/wp-json\/wp\/v2\/pages\/3467\" class=\"fw_form_fw_form\" data-fw-ext-forms-type=\"contact-forms\"  ><input type=\"hidden\" name=\"fwf\" value=\"fw_form\" \/><input type=\"hidden\" id=\"_nonce_23f300bcdae166f87a0df3490c30795b\" name=\"_nonce_23f300bcdae166f87a0df3490c30795b\" value=\"89682e2da4\" \/><input type=\"hidden\" name=\"_wp_http_referer\" value=\"\/teater\/wp-json\/wp\/v2\/pages\/3467\" \/><input type=\"hidden\" name=\"fw_ext_forms_form_type\" value=\"contact-forms\" \/><input type=\"hidden\" name=\"fw_ext_forms_form_id\" value=\"579cebb10fec83b5a6e162dad19e424c\" \/><div class=\"wrap-forms\">\n\t<div class=\"fw-row\"><div class=\"col-12 form-builder-item form-builder-item\">\n\t<div class=\"header title\">\n\t\t<h2>Kontakta mig! Jag har fr\u00e5gor.<\/h2>\n\t\t\t\t\t<p>Fyll i dina uppgifter h\u00e4r, och skriv vad du vill fr\u00e5ga om s\u00e5 kontaktar vi dig!<\/p>\n\t\t\t<\/div>\n<\/div><\/div><div class=\"fw-row\"><div class=\"col-6 form-builder-item\">\n\t<div class=\"field-textarea\">\n\t\t\t\t<label for=\"id-1\">Jag vill veta mer om:\t\t\t<sup>*<\/sup>\t\t<\/label>\n\t\t\t\t<textarea name=\"textarea_6968612\" placeholder=\"\" id=\"id-1\" required=\"required\" data-constraint=\"{&quot;type&quot;:&quot;characters&quot;,&quot;data&quot;:{&quot;min&quot;:2,&quot;max&quot;:400}}\" maxlength=\"400\" ><\/textarea>\n\t\t\t<\/div>\n<\/div>\t<div class=\"col-6 form-builder-item\">\n\t\t<div class=\"field-checkbox input-styled\">\n\t\t\t\t\t\t<label>Jag vill f\u00e5 svar fr\u00e5n:\t\t\t\t\t\t\t<\/label>\n\t\t\t\t\t\t<div class=\"custom-checkbox field-columns-1\">\n\t\t\t\t\t\t\t\t\t\t\t\t\t\t\t<div class=\"options\">\n\t\t\t\t\t\t\t<input type=\"checkbox\" name=\"checkboxes_01f44fc[]\" value=\"Vem som helst som vet\" id=\"rand-2\"  \/>\n\t\t\t\t\t\t\t<label for=\"rand-2\">Vem som helst som vet<\/label>\n\t\t\t\t\t\t<\/div>\n\t\t\t\t\t\t\t\t\t\t\t<div class=\"options\">\n\t\t\t\t\t\t\t<input type=\"checkbox\" name=\"checkboxes_01f44fc[]\" value=\"L\u00e4rare\" id=\"rand-3\"  \/>\n\t\t\t\t\t\t\t<label for=\"rand-3\">L\u00e4rare<\/label>\n\t\t\t\t\t\t<\/div>\n\t\t\t\t\t\t\t\t\t\t\t<div class=\"options\">\n\t\t\t\t\t\t\t<input type=\"checkbox\" name=\"checkboxes_01f44fc[]\" value=\"Svensk student\" id=\"rand-4\"  \/>\n\t\t\t\t\t\t\t<label for=\"rand-4\">Svensk student<\/label>\n\t\t\t\t\t\t<\/div>\n\t\t\t\t\t\t\t\t\t\t\t<div class=\"options\">\n\t\t\t\t\t\t\t<input type=\"checkbox\" name=\"checkboxes_01f44fc[]\" value=\"Norsk student\" id=\"rand-5\"  \/>\n\t\t\t\t\t\t\t<label for=\"rand-5\">Norsk student<\/label>\n\t\t\t\t\t\t<\/div>\n\t\t\t\t\t\t\t\t\t\t\t<div class=\"options\">\n\t\t\t\t\t\t\t<input type=\"checkbox\" name=\"checkboxes_01f44fc[]\" value=\"Finsk student\" id=\"rand-6\"  \/>\n\t\t\t\t\t\t\t<label for=\"rand-6\">Finsk student<\/label>\n\t\t\t\t\t\t<\/div>\n\t\t\t\t\t\t\t\t\t\t\t<div class=\"options\">\n\t\t\t\t\t\t\t<input type=\"checkbox\" name=\"checkboxes_01f44fc[]\" value=\"Dansk student\" id=\"rand-7\"  \/>\n\t\t\t\t\t\t\t<label for=\"rand-7\">Dansk student<\/label>\n\t\t\t\t\t\t<\/div>\n\t\t\t\t\t\t\t\t\t\t\t<div class=\"options\">\n\t\t\t\t\t\t\t<input type=\"checkbox\" name=\"checkboxes_01f44fc[]\" value=\"Skoladministrat\u00f6r\" id=\"rand-8\"  \/>\n\t\t\t\t\t\t\t<label for=\"rand-8\">Skoladministrat\u00f6r<\/label>\n\t\t\t\t\t\t<\/div>\n\t\t\t\t\t\t\t\t\t\t\t\t<\/div>\n\t\t\t\t\t<\/div>\n\t<\/div>\n<\/div><div class=\"fw-row\"><div class=\"col-6 form-builder-item\">\n\t<div class=\"field-text\">\n\t\t\t\t<label for=\"id-9\">Email\t\t\t<sup>*<\/sup>\t\t<\/label>\n\t\t\t\t<input type=\"text\" name=\"email_c869ee1\" placeholder=\"\" value=\"\" id=\"id-9\" required=\"required\" >\n\t\t\t<\/div>\n<\/div><\/div><\/div><div>\n\t<input type=\"submit\" value=\"Send\"\/>\n<\/div><\/form><\/div><\/div>\n<\/div>\n<div class=\"row\">\n\t<div class=\"col-12\">\n\t\n    <div class=\"divider ornament \"><span class=\"divider-title\"><\/span><\/div>\n\n<\/div>\n<\/div>\n<div class=\"row\">\n\t<div class=\"col-3\">\n\t\n<div class=\"preheader\">\n\t<span class=\"preheader-title\">\n\t\t&nbsp;\t<\/span>\n\t\t\t<a href=\"https:\/\/nordiska.fhsk.se\/teater\/om-oss\/lokaler-2\/\">LOKALER<i class=\"material-icons\">arrow_forward<\/i><\/a>\n\t<\/div>\n<div class=\"row\">\n\t<\/div>\n<\/div>\n<div class=\"col-3\">\n\t\n<div class=\"preheader\">\n\t<span class=\"preheader-title\">\n\t\t&nbsp;\t<\/span>\n\t\t\t<a href=\"https:\/\/nordiska.fhsk.se\/teater\/om-oss\/skolan\/\">SKOLAN<i class=\"material-icons\">arrow_forward<\/i><\/a>\n\t<\/div>\n<div class=\"row\">\n\t<\/div>\n<\/div>\n<div class=\"col-3\">\n\t\n<div class=\"preheader\">\n\t<span class=\"preheader-title\">\n\t\t&nbsp;\t<\/span>\n\t\t\t<a href=\"https:\/\/nordiska.fhsk.se\/teater\/om-oss\/omgivningar\/\">OMGIVNINGAR<i class=\"material-icons\">arrow_forward<\/i><\/a>\n\t<\/div>\n<div class=\"row\">\n\t<\/div>\n<\/div>\n<div class=\"col-3\">\n\t\n<div class=\"preheader\">\n\t<span class=\"preheader-title\">\n\t\t&nbsp;\t<\/span>\n\t\t\t<a href=\"https:\/\/nordiska.fhsk.se\/teater\/om-oss\/rundvandring\/\">HITTA HIT<i class=\"material-icons\">arrow_forward<\/i><\/a>\n\t<\/div>\n<div class=\"row\">\n\t<\/div>\n<\/div>\n<\/div>\t<\/div>\n<\/section>\n\n\n","protected":false},"excerpt":{"rendered":"<p>Om du har l\u00e5ng resa till Nordiska folkh\u00f6gskolan vill vi \u00e4nd\u00e5 att du ska komma p\u00e5 bes\u00f6k. F\u00f6lj d\u00e4rf\u00f6r med p\u00e5 filmad rundvandring och v\u00e4lj det spr\u00e5k som passar dig b\u00e4st! Eftersom deltagarna p\u00e5 teaterskolan bor p\u00e5 skolans internat s\u00e5 har vi fantastiska m\u00f6jligheter att arbeta intensivt tillsammans. I filmerna kan du \u00e4ven titta in [&hellip;]<\/p>\n","protected":false},"author":17,"featured_media":0,"parent":147,"menu_order":0,"comment_status":"closed","ping_status":"closed","template":"","meta":{"_exactmetrics_skip_tracking":false,"_exactmetrics_sitenote_active":false,"_exactmetrics_sitenote_note":"","_exactmetrics_sitenote_category":0,"footnotes":""},"class_list":["post-3467","page","type-page","status-publish","hentry"],"acf":[],"_links":{"self":[{"href":"https:\/\/nordiska.fhsk.se\/teater\/wp-json\/wp\/v2\/pages\/3467","targetHints":{"allow":["GET"]}}],"collection":[{"href":"https:\/\/nordiska.fhsk.se\/teater\/wp-json\/wp\/v2\/pages"}],"about":[{"href":"https:\/\/nordiska.fhsk.se\/teater\/wp-json\/wp\/v2\/types\/page"}],"author":[{"embeddable":true,"href":"https:\/\/nordiska.fhsk.se\/teater\/wp-json\/wp\/v2\/users\/17"}],"replies":[{"embeddable":true,"href":"https:\/\/nordiska.fhsk.se\/teater\/wp-json\/wp\/v2\/comments?post=3467"}],"version-history":[{"count":6,"href":"https:\/\/nordiska.fhsk.se\/teater\/wp-json\/wp\/v2\/pages\/3467\/revisions"}],"predecessor-version":[{"id":3474,"href":"https:\/\/nordiska.fhsk.se\/teater\/wp-json\/wp\/v2\/pages\/3467\/revisions\/3474"}],"up":[{"embeddable":true,"href":"https:\/\/nordiska.fhsk.se\/teater\/wp-json\/wp\/v2\/pages\/147"}],"wp:attachment":[{"href":"https:\/\/nordiska.fhsk.se\/teater\/wp-json\/wp\/v2\/media?parent=3467"}],"curies":[{"name":"wp","href":"https:\/\/api.w.org\/{rel}","templated":true}]}}